{"id":2682,"date":"2025-05-08T12:04:18","date_gmt":"2025-05-08T12:04:18","guid":{"rendered":"https:\/\/smart-forest-5135.standoutwp.com\/?page_id=2682"},"modified":"2026-02-20T13:40:55","modified_gmt":"2026-02-20T13:40:55","slug":"teoridel-3-anteckningar","status":"publish","type":"page","link":"https:\/\/studieteknik.regionkronoberg.se\/?page_id=2682","title":{"rendered":"Cornellmetoden"},"content":{"rendered":"\t\t<div data-elementor-type=\"wp-page\" data-elementor-id=\"2682\" class=\"elementor elementor-2682\" data-elementor-post-type=\"page\">\n\t\t\t\t<div class=\"elementor-element elementor-element-318f6720 e-flex e-con-boxed e-con e-parent\" data-id=\"318f6720\" data-element_type=\"container\" data-e-type=\"container\" data-settings=\"{&quot;background_background&quot;:&quot;classic&quot;}\">\n\t\t\t\t\t<div class=\"e-con-inner\">\n\t\t<div class=\"elementor-element elementor-element-13cbbe08 e-con-full e-flex e-con e-child\" data-id=\"13cbbe08\" data-element_type=\"container\" data-e-type=\"container\">\n\t\t\t\t<div class=\"elementor-element elementor-element-ea7d74a elementor-view-default elementor-widget elementor-widget-icon\" data-id=\"ea7d74a\" data-element_type=\"widget\" data-e-type=\"widget\" data-widget_type=\"icon.default\">\n\t\t\t\t<div class=\"elementor-widget-container\">\n\t\t\t\t\t\t\t<div class=\"elementor-icon-wrapper\">\n\t\t\t<div class=\"elementor-icon\">\n\t\t\t<svg aria-hidden=\"true\" class=\"e-font-icon-svg e-fas-pencil-alt\" viewBox=\"0 0 512 512\" xmlns=\"http:\/\/www.w3.org\/2000\/svg\"><path d=\"M497.9 142.1l-46.1 46.1c-4.7 4.7-12.3 4.7-17 0l-111-111c-4.7-4.7-4.7-12.3 0-17l46.1-46.1c18.7-18.7 49.1-18.7 67.9 0l60.1 60.1c18.8 18.7 18.8 49.1 0 67.9zM284.2 99.8L21.6 362.4.4 483.9c-2.9 16.4 11.4 30.6 27.8 27.8l121.5-21.3 262.6-262.6c4.7-4.7 4.7-12.3 0-17l-111-111c-4.8-4.7-12.4-4.7-17.1 0zM124.1 339.9c-5.5-5.5-5.5-14.3 0-19.8l154-154c5.5-5.5 14.3-5.5 19.8 0s5.5 14.3 0 19.8l-154 154c-5.5 5.5-14.3 5.5-19.8 0zM88 424h48v36.3l-64.5 11.3-31.1-31.1L51.7 376H88v48z\"><\/path><\/svg>\t\t\t<\/div>\n\t\t<\/div>\n\t\t\t\t\t\t<\/div>\n\t\t\t\t<\/div>\n\t\t\t\t<div class=\"elementor-element elementor-element-6f7d15bb elementor-widget elementor-widget-heading\" data-id=\"6f7d15bb\" data-element_type=\"widget\" data-e-type=\"widget\" data-widget_type=\"heading.default\">\n\t\t\t\t<div class=\"elementor-widget-container\">\n\t\t\t\t\t<h1 class=\"elementor-heading-title elementor-size-default\">Anteckna<\/h1>\t\t\t\t<\/div>\n\t\t\t\t<\/div>\n\t\t\t\t<\/div>\n\t\t<div class=\"elementor-element elementor-element-145411f4 e-con-full e-flex e-con e-child\" data-id=\"145411f4\" data-element_type=\"container\" data-e-type=\"container\">\n\t\t\t\t<div class=\"elementor-element elementor-element-41b99a04 elementor-widget elementor-widget-text-editor\" data-id=\"41b99a04\" data-element_type=\"widget\" data-e-type=\"widget\" data-widget_type=\"text-editor.default\">\n\t\t\t\t<div class=\"elementor-widget-container\">\n\t\t\t\t\t\t\t\t\t<p>Genom att anteckna lyssnar vi mer aktivt, beh\u00e5ller fokus och f\u00e5r ett konkret st\u00f6d n\u00e4r vi ska repetera inf\u00f6r prov eller andra uppgifter.<\/p>\t\t\t\t\t\t\t\t<\/div>\n\t\t\t\t<\/div>\n\t\t\t\t<\/div>\n\t\t\t\t\t<\/div>\n\t\t\t\t<\/div>\n\t\t<div class=\"elementor-element elementor-element-3690f6cb e-flex e-con-boxed e-con e-parent\" data-id=\"3690f6cb\" data-element_type=\"container\" data-e-type=\"container\" id=\"main-dynamic-container\">\n\t\t\t\t\t<div class=\"e-con-inner\">\n\t\t<div class=\"elementor-element elementor-element-718da983 e-con-full e-flex e-con e-child\" data-id=\"718da983\" data-element_type=\"container\" data-e-type=\"container\" data-settings=\"{&quot;background_background&quot;:&quot;classic&quot;}\">\n\t\t\t\t<div class=\"elementor-element elementor-element-36429775 elementor-nav-menu__text-align-aside elementor-widget elementor-widget-nav-menu\" data-id=\"36429775\" data-element_type=\"widget\" data-e-type=\"widget\" data-settings=\"{&quot;layout&quot;:&quot;dropdown&quot;,&quot;submenu_icon&quot;:{&quot;value&quot;:&quot;&lt;svg aria-hidden=\\&quot;true\\&quot; class=\\&quot;e-font-icon-svg e-fas-caret-down\\&quot; viewBox=\\&quot;0 0 320 512\\&quot; xmlns=\\&quot;http:\\\/\\\/www.w3.org\\\/2000\\\/svg\\&quot;&gt;&lt;path d=\\&quot;M31.3 192h257.3c17.8 0 26.7 21.5 14.1 34.1L174.1 354.8c-7.8 7.8-20.5 7.8-28.3 0L17.2 226.1C4.6 213.5 13.5 192 31.3 192z\\&quot;&gt;&lt;\\\/path&gt;&lt;\\\/svg&gt;&quot;,&quot;library&quot;:&quot;fa-solid&quot;}}\" data-widget_type=\"nav-menu.default\">\n\t\t\t\t<div class=\"elementor-widget-container\">\n\t\t\t\t\t\t\t\t<nav class=\"elementor-nav-menu--dropdown elementor-nav-menu__container\" aria-hidden=\"true\">\n\t\t\t\t<ul id=\"menu-2-36429775\" class=\"elementor-nav-menu\"><li class=\"menu-item menu-item-type-post_type menu-item-object-page menu-item-2694\"><a href=\"https:\/\/studieteknik.regionkronoberg.se\/?page_id=1770\" class=\"elementor-item\" tabindex=\"-1\">Om Anteckna<\/a><\/li>\n<li class=\"menu-item menu-item-type-post_type menu-item-object-page menu-item-2693\"><a href=\"https:\/\/studieteknik.regionkronoberg.se\/?page_id=2670\" class=\"elementor-item\" tabindex=\"-1\">Anteckna f\u00f6r hand<\/a><\/li>\n<li class=\"menu-item menu-item-type-post_type menu-item-object-page menu-item-2692\"><a href=\"https:\/\/studieteknik.regionkronoberg.se\/?page_id=2676\" class=\"elementor-item\" tabindex=\"-1\">Anteckna digitalt<\/a><\/li>\n<li class=\"menu-item menu-item-type-post_type menu-item-object-page menu-item-2691\"><a href=\"https:\/\/studieteknik.regionkronoberg.se\/?page_id=2682\" class=\"elementor-item\" tabindex=\"-1\">Cornell-metoden<\/a><\/li>\n<li class=\"menu-item menu-item-type-post_type menu-item-object-page menu-item-2753\"><a href=\"https:\/\/studieteknik.regionkronoberg.se\/?page_id=2728\" class=\"elementor-item\" tabindex=\"-1\">Presentationer &#038; Manualer<\/a><\/li>\n<li class=\"menu-item menu-item-type-post_type menu-item-object-page menu-item-2749\"><a href=\"https:\/\/studieteknik.regionkronoberg.se\/?page_id=2737\" class=\"elementor-item\" tabindex=\"-1\">Uppgifter<\/a><\/li>\n<li class=\"menu-item menu-item-type-post_type menu-item-object-page menu-item-2754\"><a href=\"https:\/\/studieteknik.regionkronoberg.se\/?page_id=2743\" class=\"elementor-item\" tabindex=\"-1\">Escape room<\/a><\/li>\n<\/ul>\t\t\t<\/nav>\n\t\t\t\t\t\t<\/div>\n\t\t\t\t<\/div>\n\t\t\t\t<\/div>\n\t\t<div class=\"elementor-element elementor-element-468641a5 e-con-full main-dynamic-container e-flex e-con e-child\" data-id=\"468641a5\" data-element_type=\"container\" data-e-type=\"container\" id=\"main-dynamic-container\">\n\t\t<div class=\"elementor-element elementor-element-2a3dd186 e-con-full dynamic-content e-flex e-con e-child\" data-id=\"2a3dd186\" data-element_type=\"container\" data-e-type=\"container\" id=\"theory-content3\">\n\t\t<div class=\"elementor-element elementor-element-61f356a8 e-con-full e-flex e-con e-child\" data-id=\"61f356a8\" data-element_type=\"container\" data-e-type=\"container\">\n\t\t<div class=\"elementor-element elementor-element-36a9fb77 e-con-full e-flex e-con e-child\" data-id=\"36a9fb77\" data-element_type=\"container\" data-e-type=\"container\" data-settings=\"{&quot;background_background&quot;:&quot;classic&quot;}\">\n\t\t<div class=\"elementor-element elementor-element-7087f125 e-con-full e-flex e-con e-child\" data-id=\"7087f125\" data-element_type=\"container\" data-e-type=\"container\">\n\t\t\t\t<div class=\"elementor-element elementor-element-6ed64bdd elementor-widget elementor-widget-heading\" data-id=\"6ed64bdd\" data-element_type=\"widget\" data-e-type=\"widget\" data-widget_type=\"heading.default\">\n\t\t\t\t<div class=\"elementor-widget-container\">\n\t\t\t\t\t<h2 class=\"elementor-heading-title elementor-size-default\">Cornell-metoden<\/h2>\t\t\t\t<\/div>\n\t\t\t\t<\/div>\n\t\t\t\t<div class=\"elementor-element elementor-element-2a33ccaa elementor-widget__width-initial elementor-widget elementor-widget-text-editor\" data-id=\"2a33ccaa\" data-element_type=\"widget\" data-e-type=\"widget\" data-widget_type=\"text-editor.default\">\n\t\t\t\t<div class=\"elementor-widget-container\">\n\t\t\t\t\t\t\t\t\t<p><span style=\"font-weight: 400;\">Cornell-metoden utvecklades p\u00e5 Cornell University i USA under 1950-talet av l\u00e4rare som observerade att studenterna hade sv\u00e5rt att f\u00f6ra anteckningar under genomg\u00e5ngar. Metoden \u00e4r ett strukturerat s\u00e4tt att skriva och organisera anteckningar \u2013 n\u00e5got som hj\u00e4lper elever att b\u00e5de fokusera och minnas b\u00e4ttre.<\/span><\/p>\t\t\t\t\t\t\t\t<\/div>\n\t\t\t\t<\/div>\n\t\t\t\t<\/div>\n\t\t\t\t<\/div>\n\t\t<div class=\"elementor-element elementor-element-77d6a8a4 e-con-full e-flex e-con e-child\" data-id=\"77d6a8a4\" data-element_type=\"container\" data-e-type=\"container\" data-settings=\"{&quot;background_background&quot;:&quot;classic&quot;}\">\n\t\t<div class=\"elementor-element elementor-element-3127707f e-con-full e-flex e-con e-child\" data-id=\"3127707f\" data-element_type=\"container\" data-e-type=\"container\">\n\t\t\t\t<div class=\"elementor-element elementor-element-7b12d8f9 elementor-widget elementor-widget-heading\" data-id=\"7b12d8f9\" data-element_type=\"widget\" data-e-type=\"widget\" data-widget_type=\"heading.default\">\n\t\t\t\t<div class=\"elementor-widget-container\">\n\t\t\t\t\t<h3 class=\"elementor-heading-title elementor-size-default\">Struktur f\u00f6r Cornell-metoden<\/h3>\t\t\t\t<\/div>\n\t\t\t\t<\/div>\n\t\t\t\t<div class=\"elementor-element elementor-element-1b8b962f elementor-widget elementor-widget-text-editor\" data-id=\"1b8b962f\" data-element_type=\"widget\" data-e-type=\"widget\" data-widget_type=\"text-editor.default\">\n\t\t\t\t<div class=\"elementor-widget-container\">\n\t\t\t\t\t\t\t\t\t<p><span style=\"font-weight: 400;\">Metoden g\u00e5r ut p\u00e5 att man delar upp ett papper\/dokument i tre (ibland fyra) delar. Antingen att man ritar linjer p\u00e5 ett A4-papper, som delas in i tre (fyra) delar, eller skapar digitala skrivmallar.<\/span><\/p>\t\t\t\t\t\t\t\t<\/div>\n\t\t\t\t<\/div>\n\t\t\t\t<div class=\"elementor-element elementor-element-72fee383 elementor-widget elementor-widget-heading\" data-id=\"72fee383\" data-element_type=\"widget\" data-e-type=\"widget\" data-widget_type=\"heading.default\">\n\t\t\t\t<div class=\"elementor-widget-container\">\n\t\t\t\t\t<h3 class=\"elementor-heading-title elementor-size-default\">Anteckningarna best\u00e5r av tre (fyra) delar:<\/h3>\t\t\t\t<\/div>\n\t\t\t\t<\/div>\n\t\t\t\t<div class=\"elementor-element elementor-element-801ebc2 elementor-widget elementor-widget-text-editor\" data-id=\"801ebc2\" data-element_type=\"widget\" data-e-type=\"widget\" data-widget_type=\"text-editor.default\">\n\t\t\t\t<div class=\"elementor-widget-container\">\n\t\t\t\t\t\t\t\t\t<ol><li><span style=\"font-weight: 400;\"><strong>Anteckningarna<\/strong> &#8211; skrivs under lektionen.<\/span><\/li><li><b>Nyckelord\/fr\u00e5gor<\/b>&#8211; skrivs efter lektionen,\u00a0 kan vara nyckelord, begrepp och fr\u00e5gor.<\/li><li><strong>Sammanfattning<\/strong> &#8211; sammanfatta det man l\u00e4rt sig\/minns fr\u00e5n lektionen.<\/li><li><strong>(Datum\/\u00e4mne\/tema<\/strong> &#8211; skrivs \u00f6verst p\u00e5 sidan)<\/li><\/ol>\t\t\t\t\t\t\t\t<\/div>\n\t\t\t\t<\/div>\n\t\t\t\t<div class=\"elementor-element elementor-element-965d3c6 elementor-widget elementor-widget-heading\" data-id=\"965d3c6\" data-element_type=\"widget\" data-e-type=\"widget\" data-widget_type=\"heading.default\">\n\t\t\t\t<div class=\"elementor-widget-container\">\n\t\t\t\t\t<h3 class=\"elementor-heading-title elementor-size-default\">Anteckningarna<\/h3>\t\t\t\t<\/div>\n\t\t\t\t<\/div>\n\t\t\t\t<div class=\"elementor-element elementor-element-dd1b4a4 elementor-widget elementor-widget-text-editor\" data-id=\"dd1b4a4\" data-element_type=\"widget\" data-e-type=\"widget\" data-widget_type=\"text-editor.default\">\n\t\t\t\t<div class=\"elementor-widget-container\">\n\t\t\t\t\t\t\t\t\t<p>I den st\u00f6rsta delen av sidan antecknar eleverna under lektionen. Uppmuntra dem att skriva ner det l\u00e4raren \u00e5terkommer till, samt det som st\u00e5r p\u00e5 tavlan. Po\u00e4ngtera vikten av att <strong data-start=\"604\" data-end=\"627\">skriva med egna ord<\/strong> i st\u00e4llet f\u00f6r att bara kopiera \u2013 det \u00f6kar f\u00f6rst\u00e5elsen.<\/p>\t\t\t\t\t\t\t\t<\/div>\n\t\t\t\t<\/div>\n\t\t\t\t<div class=\"elementor-element elementor-element-db1a28e elementor-widget elementor-widget-heading\" data-id=\"db1a28e\" data-element_type=\"widget\" data-e-type=\"widget\" data-widget_type=\"heading.default\">\n\t\t\t\t<div class=\"elementor-widget-container\">\n\t\t\t\t\t<h3 class=\"elementor-heading-title elementor-size-default\">P\u00e5minnelser<\/h3>\t\t\t\t<\/div>\n\t\t\t\t<\/div>\n\t\t\t\t<div class=\"elementor-element elementor-element-14f49ca6 elementor-widget elementor-widget-text-editor\" data-id=\"14f49ca6\" data-element_type=\"widget\" data-e-type=\"widget\" data-widget_type=\"text-editor.default\">\n\t\t\t\t<div class=\"elementor-widget-container\">\n\t\t\t\t\t\t\t\t\t<p>Efter lektionen arbetar eleverna med den v\u00e4nstra marginalen \u2013 &#8220;Nyckelord\/fr\u00e5gor&#8221;. H\u00e4r skriver de ner <strong data-start=\"826\" data-end=\"872\">viktiga begrepp, nyckelord och egna fr\u00e5gor<\/strong> kopplade till sina anteckningar. Denna del kan fungera som en <strong data-start=\"932\" data-end=\"945\">fr\u00e5gebank<\/strong>, medan sj\u00e4lva anteckningarna blir <strong data-start=\"980\" data-end=\"995\">svarsbanken<\/strong>.<\/p>\t\t\t\t\t\t\t\t<\/div>\n\t\t\t\t<\/div>\n\t\t\t\t<div class=\"elementor-element elementor-element-0051f37 elementor-widget elementor-widget-heading\" data-id=\"0051f37\" data-element_type=\"widget\" data-e-type=\"widget\" data-widget_type=\"heading.default\">\n\t\t\t\t<div class=\"elementor-widget-container\">\n\t\t\t\t\t<h3 class=\"elementor-heading-title elementor-size-default\">Sammanfattning<\/h3>\t\t\t\t<\/div>\n\t\t\t\t<\/div>\n\t\t\t\t<div class=\"elementor-element elementor-element-0e4a859 elementor-widget elementor-widget-text-editor\" data-id=\"0e4a859\" data-element_type=\"widget\" data-e-type=\"widget\" data-widget_type=\"text-editor.default\">\n\t\t\t\t<div class=\"elementor-widget-container\">\n\t\t\t\t\t\t\t\t\t<p>L\u00e4ngst ner p\u00e5 sidan skriver eleverna en kort <strong data-start=\"1202\" data-end=\"1233\">sammanfattning av lektionen<\/strong>, helst utan att titta p\u00e5 sina anteckningar. M\u00e5let \u00e4r att de ska tr\u00e4na sitt minne och uttrycka f\u00f6rst\u00e5elsen med egna ord \u2013 som om de skulle f\u00f6rklara inneh\u00e5llet f\u00f6r n\u00e5gon annan.<\/p>\t\t\t\t\t\t\t\t<\/div>\n\t\t\t\t<\/div>\n\t\t<div class=\"elementor-element elementor-element-3fa20cd e-con-full e-flex e-con e-child\" data-id=\"3fa20cd\" data-element_type=\"container\" data-e-type=\"container\">\n\t\t\t\t<div class=\"elementor-element elementor-element-0c62802 elementor-widget elementor-widget-heading\" data-id=\"0c62802\" data-element_type=\"widget\" data-e-type=\"widget\" data-widget_type=\"heading.default\">\n\t\t\t\t<div class=\"elementor-widget-container\">\n\t\t\t\t\t<h3 class=\"elementor-heading-title elementor-size-default\">Skrivmall<\/h3>\t\t\t\t<\/div>\n\t\t\t\t<\/div>\n\t\t\t\t<div class=\"elementor-element elementor-element-c520b0f elementor-widget elementor-widget-text-editor\" data-id=\"c520b0f\" data-element_type=\"widget\" data-e-type=\"widget\" data-widget_type=\"text-editor.default\">\n\t\t\t\t<div class=\"elementor-widget-container\">\n\t\t\t\t\t\t\t\t\t<p><span style=\"font-weight: 400;\">Ladda hem exempel p\u00e5 skrivmall f\u00f6r Cornell-metoden:<\/span><\/p><ul><li><a href=\"https:\/\/smart-forest-5135.standoutwp.com\/wp-content\/uploads\/2025\/05\/cornellmall.pdf\">Cornell-metoden (pdf)<\/a><\/li><\/ul>\t\t\t\t\t\t\t\t<\/div>\n\t\t\t\t<\/div>\n\t\t\t\t<\/div>\n\t\t\t\t<\/div>\n\t\t<div class=\"elementor-element elementor-element-7211bf44 e-con-full e-flex e-con e-child\" data-id=\"7211bf44\" data-element_type=\"container\" data-e-type=\"container\">\n\t\t\t\t<div class=\"elementor-element elementor-element-5ffaa668 elementor-widget elementor-widget-image\" data-id=\"5ffaa668\" data-element_type=\"widget\" data-e-type=\"widget\" data-widget_type=\"image.default\">\n\t\t\t\t<div class=\"elementor-widget-container\">\n\t\t\t\t\t\t\t\t\t\t\t\t<figure class=\"wp-caption\">\n\t\t\t\t\t\t\t\t\t\t<img decoding=\"async\" src=\"https:\/\/studieteknik.regionkronoberg.se\/wp-content\/uploads\/elementor\/thumbs\/cornell-ver3-r6tc2i6d3mbvi9sfdcpivhvvf57790166aghehyxz0.png\" title=\"Exempel p\u00e5 cornellmetoden\" alt=\"\u00d6versiktsbild av ett exempel p cornellmetoden\" loading=\"lazy\" \/>\t\t\t\t\t\t\t\t\t\t\t<figcaption class=\"widget-image-caption wp-caption-text\">Exempel p\u00e5 Cornell-metoden<\/figcaption>\n\t\t\t\t\t\t\t\t\t\t<\/figure>\n\t\t\t\t\t\t\t\t\t<\/div>\n\t\t\t\t<\/div>\n\t\t\t\t<\/div>\n\t\t\t\t<\/div>\n\t\t\t\t<\/div>\n\t\t<div class=\"elementor-element elementor-element-8b51b69 e-con-full e-flex e-con e-child\" data-id=\"8b51b69\" data-element_type=\"container\" data-e-type=\"container\">\n\t\t\t\t<div class=\"elementor-element elementor-element-2c183b52 elementor-headline--style-highlight elementor-widget elementor-widget-animated-headline\" data-id=\"2c183b52\" data-element_type=\"widget\" data-e-type=\"widget\" data-settings=\"{&quot;marker&quot;:&quot;underline_zigzag&quot;,&quot;highlighted_text&quot;:&quot;Tips!&quot;,&quot;headline_style&quot;:&quot;highlight&quot;,&quot;loop&quot;:&quot;yes&quot;,&quot;highlight_animation_duration&quot;:1200,&quot;highlight_iteration_delay&quot;:8000}\" data-widget_type=\"animated-headline.default\">\n\t\t\t\t<div class=\"elementor-widget-container\">\n\t\t\t\t\t\t\t<h2 class=\"elementor-headline\">\n\t\t\t\t<span class=\"elementor-headline-dynamic-wrapper elementor-headline-text-wrapper\">\n\t\t\t\t\t<span class=\"elementor-headline-dynamic-text elementor-headline-text-active\">Tips!<\/span>\n\t\t\t\t<\/span>\n\t\t\t\t<\/h2>\n\t\t\t\t\t\t<\/div>\n\t\t\t\t<\/div>\n\t\t<div class=\"elementor-element elementor-element-1202c560 e-con-full e-flex e-con e-child\" data-id=\"1202c560\" data-element_type=\"container\" data-e-type=\"container\" data-settings=\"{&quot;background_background&quot;:&quot;classic&quot;}\">\n\t\t\t\t<div class=\"elementor-element elementor-element-436b752a elementor-widget__width-initial elementor-widget elementor-widget-text-editor\" data-id=\"436b752a\" data-element_type=\"widget\" data-e-type=\"widget\" data-widget_type=\"text-editor.default\">\n\t\t\t\t<div class=\"elementor-widget-container\">\n\t\t\t\t\t\t\t\t\t<ul><li style=\"font-weight: 400;\" aria-level=\"1\"><em><span style=\"font-weight: 400;\">Skriv \u00f6verst p\u00e5 anteckningarna vad det handlar om, datum och \u00e4mne<\/span><\/em><\/li><li style=\"font-weight: 400;\" aria-level=\"1\"><em><span style=\"font-weight: 400;\">Skriv luftigt mellan anteckningarna<\/span><\/em><\/li><li style=\"font-weight: 400;\" aria-level=\"1\"><em><span style=\"font-weight: 400;\">Anv\u00e4nd egna ord och f\u00f6rkortningar<\/span><\/em><\/li><li style=\"font-weight: 400;\" aria-level=\"1\"><em><span style=\"font-weight: 400;\">F\u00f6r repetition: T\u00e4ck \u00f6ver anteckningsf\u00e4ltet (den h\u00f6gra kolumnen), se p\u00e5 fr\u00e5gorna (i den v\u00e4nstra kolumnen) och f\u00f6rs\u00f6k komma ih\u00e5g svaret.<\/span><\/em><\/li><\/ul>\t\t\t\t\t\t\t\t<\/div>\n\t\t\t\t<\/div>\n\t\t\t\t<\/div>\n\t\t\t\t<\/div>\n\t\t\t\t<\/div>\n\t\t\t\t<\/div>\n\t\t\t\t\t<\/div>\n\t\t\t\t<\/div>\n\t\t<div class=\"elementor-element elementor-element-dc98e3f e-grid e-con-boxed e-con e-parent\" data-id=\"dc98e3f\" data-element_type=\"container\" data-e-type=\"container\">\n\t\t\t\t\t<div class=\"e-con-inner\">\n\t\t\t\t<div class=\"elementor-element elementor-element-881c59e elementor-widget elementor-widget-button\" data-id=\"881c59e\" data-element_type=\"widget\" data-e-type=\"widget\" data-widget_type=\"button.default\">\n\t\t\t\t<div class=\"elementor-widget-container\">\n\t\t\t\t\t\t\t\t\t<div class=\"elementor-button-wrapper\">\n\t\t\t\t\t<a class=\"elementor-button elementor-button-link elementor-size-sm\" href=\"https:\/\/studieteknik.regionkronoberg.se\/\/?page_id=2676\">\n\t\t\t\t\t\t<span class=\"elementor-button-content-wrapper\">\n\t\t\t\t\t\t<span class=\"elementor-button-icon\">\n\t\t\t\t<svg aria-hidden=\"true\" class=\"e-font-icon-svg e-fas-chevron-left\" viewBox=\"0 0 320 512\" xmlns=\"http:\/\/www.w3.org\/2000\/svg\"><path d=\"M34.52 239.03L228.87 44.69c9.37-9.37 24.57-9.37 33.94 0l22.67 22.67c9.36 9.36 9.37 24.52.04 33.9L131.49 256l154.02 154.75c9.34 9.38 9.32 24.54-.04 33.9l-22.67 22.67c-9.37 9.37-24.57 9.37-33.94 0L34.52 272.97c-9.37-9.37-9.37-24.57 0-33.94z\"><\/path><\/svg>\t\t\t<\/span>\n\t\t\t\t\t\t\t\t\t<span class=\"elementor-button-text\">Anteckna digitalt<\/span>\n\t\t\t\t\t<\/span>\n\t\t\t\t\t<\/a>\n\t\t\t\t<\/div>\n\t\t\t\t\t\t\t\t<\/div>\n\t\t\t\t<\/div>\n\t\t\t\t<div class=\"elementor-element elementor-element-d4562f0 elementor-widget elementor-widget-button\" data-id=\"d4562f0\" data-element_type=\"widget\" data-e-type=\"widget\" data-widget_type=\"button.default\">\n\t\t\t\t<div class=\"elementor-widget-container\">\n\t\t\t\t\t\t\t\t\t<div class=\"elementor-button-wrapper\">\n\t\t\t\t\t<a class=\"elementor-button elementor-button-link elementor-size-sm\" href=\"https:\/\/studieteknik.regionkronoberg.se\/\/?page_id=2728\">\n\t\t\t\t\t\t<span class=\"elementor-button-content-wrapper\">\n\t\t\t\t\t\t<span class=\"elementor-button-icon\">\n\t\t\t\t<svg aria-hidden=\"true\" class=\"e-font-icon-svg e-fas-chevron-right\" viewBox=\"0 0 320 512\" xmlns=\"http:\/\/www.w3.org\/2000\/svg\"><path d=\"M285.476 272.971L91.132 467.314c-9.373 9.373-24.569 9.373-33.941 0l-22.667-22.667c-9.357-9.357-9.375-24.522-.04-33.901L188.505 256 34.484 101.255c-9.335-9.379-9.317-24.544.04-33.901l22.667-22.667c9.373-9.373 24.569-9.373 33.941 0L285.475 239.03c9.373 9.372 9.373 24.568.001 33.941z\"><\/path><\/svg>\t\t\t<\/span>\n\t\t\t\t\t\t\t\t\t<span class=\"elementor-button-text\">Presentationer  &amp; manualer<\/span>\n\t\t\t\t\t<\/span>\n\t\t\t\t\t<\/a>\n\t\t\t\t<\/div>\n\t\t\t\t\t\t\t\t<\/div>\n\t\t\t\t<\/div>\n\t\t\t\t\t<\/div>\n\t\t\t\t<\/div>\n\t\t\t\t<\/div>\n\t\t","protected":false},"excerpt":{"rendered":"<p>Anteckna Genom att anteckna lyssnar vi mer aktivt, beh\u00e5ller fokus och f\u00e5r ett konkret st\u00f6d n\u00e4r vi ska repetera inf\u00f6r prov eller andra uppgifter. Cornell-metoden Cornell-metoden utvecklades p\u00e5 Cornell University i USA under 1950-talet av l\u00e4rare som observerade att studenterna hade sv\u00e5rt att f\u00f6ra anteckningar under genomg\u00e5ngar. Metoden \u00e4r ett strukturerat s\u00e4tt att skriva och [&hellip;]<\/p>\n","protected":false},"author":2,"featured_media":0,"parent":0,"menu_order":0,"comment_status":"closed","ping_status":"closed","template":"","meta":{"footnotes":""},"folder":[42],"class_list":["post-2682","page","type-page","status-publish","hentry"],"_links":{"self":[{"href":"https:\/\/studieteknik.regionkronoberg.se\/index.php?rest_route=\/wp\/v2\/pages\/2682","targetHints":{"allow":["GET"]}}],"collection":[{"href":"https:\/\/studieteknik.regionkronoberg.se\/index.php?rest_route=\/wp\/v2\/pages"}],"about":[{"href":"https:\/\/studieteknik.regionkronoberg.se\/index.php?rest_route=\/wp\/v2\/types\/page"}],"author":[{"embeddable":true,"href":"https:\/\/studieteknik.regionkronoberg.se\/index.php?rest_route=\/wp\/v2\/users\/2"}],"replies":[{"embeddable":true,"href":"https:\/\/studieteknik.regionkronoberg.se\/index.php?rest_route=%2Fwp%2Fv2%2Fcomments&post=2682"}],"version-history":[{"count":65,"href":"https:\/\/studieteknik.regionkronoberg.se\/index.php?rest_route=\/wp\/v2\/pages\/2682\/revisions"}],"predecessor-version":[{"id":4615,"href":"https:\/\/studieteknik.regionkronoberg.se\/index.php?rest_route=\/wp\/v2\/pages\/2682\/revisions\/4615"}],"wp:attachment":[{"href":"https:\/\/studieteknik.regionkronoberg.se\/index.php?rest_route=%2Fwp%2Fv2%2Fmedia&parent=2682"}],"wp:term":[{"taxonomy":"folder","embeddable":true,"href":"https:\/\/studieteknik.regionkronoberg.se\/index.php?rest_route=%2Fwp%2Fv2%2Ffolder&post=2682"}],"curies":[{"name":"wp","href":"https:\/\/api.w.org\/{rel}","templated":true}]}}