{"id":3008,"date":"2025-06-04T14:11:46","date_gmt":"2025-06-04T14:11:46","guid":{"rendered":"https:\/\/smart-forest-5135.standoutwp.com\/?page_id=3008"},"modified":"2026-01-07T09:34:17","modified_gmt":"2026-01-07T09:34:17","slug":"planering-teori-2","status":"publish","type":"page","link":"https:\/\/studieteknik.regionkronoberg.se\/?page_id=3008","title":{"rendered":"Checklistor"},"content":{"rendered":"\t\t<div data-elementor-type=\"wp-page\" data-elementor-id=\"3008\" class=\"elementor elementor-3008\" data-elementor-post-type=\"page\">\n\t\t\t\t<div class=\"elementor-element elementor-element-5d22b018 e-flex e-con-boxed e-con e-parent\" data-id=\"5d22b018\" data-element_type=\"container\" data-e-type=\"container\" data-settings=\"{&quot;background_background&quot;:&quot;classic&quot;}\">\n\t\t\t\t\t<div class=\"e-con-inner\">\n\t\t<div class=\"elementor-element elementor-element-1891291a e-con-full e-flex e-con e-child\" data-id=\"1891291a\" data-element_type=\"container\" data-e-type=\"container\">\n\t\t\t\t<div class=\"elementor-element elementor-element-2b3581e2 elementor-view-default elementor-widget elementor-widget-icon\" data-id=\"2b3581e2\" data-element_type=\"widget\" data-e-type=\"widget\" data-widget_type=\"icon.default\">\n\t\t\t\t<div class=\"elementor-widget-container\">\n\t\t\t\t\t\t\t<div class=\"elementor-icon-wrapper\">\n\t\t\t<div class=\"elementor-icon\">\n\t\t\t<svg aria-hidden=\"true\" class=\"e-font-icon-svg e-fas-calendar-alt\" viewBox=\"0 0 448 512\" xmlns=\"http:\/\/www.w3.org\/2000\/svg\"><path d=\"M0 464c0 26.5 21.5 48 48 48h352c26.5 0 48-21.5 48-48V192H0v272zm320-196c0-6.6 5.4-12 12-12h40c6.6 0 12 5.4 12 12v40c0 6.6-5.4 12-12 12h-40c-6.6 0-12-5.4-12-12v-40zm0 128c0-6.6 5.4-12 12-12h40c6.6 0 12 5.4 12 12v40c0 6.6-5.4 12-12 12h-40c-6.6 0-12-5.4-12-12v-40zM192 268c0-6.6 5.4-12 12-12h40c6.6 0 12 5.4 12 12v40c0 6.6-5.4 12-12 12h-40c-6.6 0-12-5.4-12-12v-40zm0 128c0-6.6 5.4-12 12-12h40c6.6 0 12 5.4 12 12v40c0 6.6-5.4 12-12 12h-40c-6.6 0-12-5.4-12-12v-40zM64 268c0-6.6 5.4-12 12-12h40c6.6 0 12 5.4 12 12v40c0 6.6-5.4 12-12 12H76c-6.6 0-12-5.4-12-12v-40zm0 128c0-6.6 5.4-12 12-12h40c6.6 0 12 5.4 12 12v40c0 6.6-5.4 12-12 12H76c-6.6 0-12-5.4-12-12v-40zM400 64h-48V16c0-8.8-7.2-16-16-16h-32c-8.8 0-16 7.2-16 16v48H160V16c0-8.8-7.2-16-16-16h-32c-8.8 0-16 7.2-16 16v48H48C21.5 64 0 85.5 0 112v48h448v-48c0-26.5-21.5-48-48-48z\"><\/path><\/svg>\t\t\t<\/div>\n\t\t<\/div>\n\t\t\t\t\t\t<\/div>\n\t\t\t\t<\/div>\n\t\t\t\t<div class=\"elementor-element elementor-element-3d579700 elementor-widget elementor-widget-heading\" data-id=\"3d579700\" data-element_type=\"widget\" data-e-type=\"widget\" data-widget_type=\"heading.default\">\n\t\t\t\t<div class=\"elementor-widget-container\">\n\t\t\t\t\t<h1 class=\"elementor-heading-title elementor-size-default\">Planering<\/h1>\t\t\t\t<\/div>\n\t\t\t\t<\/div>\n\t\t\t\t<\/div>\n\t\t\t\t\t<\/div>\n\t\t\t\t<\/div>\n\t\t<div class=\"elementor-element elementor-element-185470dd e-flex e-con-boxed e-con e-parent\" data-id=\"185470dd\" data-element_type=\"container\" data-e-type=\"container\" id=\"main-dynamic-container\">\n\t\t\t\t\t<div class=\"e-con-inner\">\n\t\t<div class=\"elementor-element elementor-element-5d6e4adc e-con-full e-flex e-con e-child\" data-id=\"5d6e4adc\" data-element_type=\"container\" data-e-type=\"container\" data-settings=\"{&quot;background_background&quot;:&quot;classic&quot;}\">\n\t\t\t\t<div class=\"elementor-element elementor-element-263efcdd elementor-nav-menu__text-align-aside elementor-widget elementor-widget-nav-menu\" data-id=\"263efcdd\" data-element_type=\"widget\" data-e-type=\"widget\" id=\"side-menu-focus\" data-settings=\"{&quot;layout&quot;:&quot;dropdown&quot;,&quot;submenu_icon&quot;:{&quot;value&quot;:&quot;&lt;svg aria-hidden=\\&quot;true\\&quot; class=\\&quot;e-font-icon-svg e-fas-caret-down\\&quot; viewBox=\\&quot;0 0 320 512\\&quot; xmlns=\\&quot;http:\\\/\\\/www.w3.org\\\/2000\\\/svg\\&quot;&gt;&lt;path d=\\&quot;M31.3 192h257.3c17.8 0 26.7 21.5 14.1 34.1L174.1 354.8c-7.8 7.8-20.5 7.8-28.3 0L17.2 226.1C4.6 213.5 13.5 192 31.3 192z\\&quot;&gt;&lt;\\\/path&gt;&lt;\\\/svg&gt;&quot;,&quot;library&quot;:&quot;fa-solid&quot;}}\" data-widget_type=\"nav-menu.default\">\n\t\t\t\t<div class=\"elementor-widget-container\">\n\t\t\t\t\t\t\t\t<nav class=\"elementor-nav-menu--dropdown elementor-nav-menu__container\" aria-hidden=\"true\">\n\t\t\t\t<ul id=\"menu-2-263efcdd\" class=\"elementor-nav-menu\"><li class=\"menu-item menu-item-type-post_type menu-item-object-page menu-item-2997\"><a href=\"https:\/\/studieteknik.regionkronoberg.se\/?page_id=2990\" class=\"elementor-item\" tabindex=\"-1\">Om Planering<\/a><\/li>\n<li class=\"menu-item menu-item-type-post_type menu-item-object-page menu-item-3007\"><a href=\"https:\/\/studieteknik.regionkronoberg.se\/?page_id=3001\" class=\"elementor-item\" tabindex=\"-1\">Planera tid<\/a><\/li>\n<li class=\"menu-item menu-item-type-post_type menu-item-object-page menu-item-3014\"><a href=\"https:\/\/studieteknik.regionkronoberg.se\/?page_id=3008\" class=\"elementor-item\" tabindex=\"-1\">Checklistor<\/a><\/li>\n<li class=\"menu-item menu-item-type-post_type menu-item-object-page menu-item-3021\"><a href=\"https:\/\/studieteknik.regionkronoberg.se\/?page_id=3015\" class=\"elementor-item\" tabindex=\"-1\">Kalender<\/a><\/li>\n<li class=\"menu-item menu-item-type-post_type menu-item-object-page menu-item-3037\"><a href=\"https:\/\/studieteknik.regionkronoberg.se\/?page_id=3031\" class=\"elementor-item\" tabindex=\"-1\">Tankekarta<\/a><\/li>\n<li class=\"menu-item menu-item-type-post_type menu-item-object-page menu-item-3064\"><a href=\"https:\/\/studieteknik.regionkronoberg.se\/?page_id=3052\" class=\"elementor-item\" tabindex=\"-1\">Presentationer &#038; manualer<\/a><\/li>\n<li class=\"menu-item menu-item-type-post_type menu-item-object-page menu-item-3071\"><a href=\"https:\/\/studieteknik.regionkronoberg.se\/?page_id=3065\" class=\"elementor-item\" tabindex=\"-1\">Uppgifter<\/a><\/li>\n<li class=\"menu-item menu-item-type-post_type menu-item-object-page menu-item-3081\"><a href=\"https:\/\/studieteknik.regionkronoberg.se\/?page_id=3072\" class=\"elementor-item\" tabindex=\"-1\">Escape room<\/a><\/li>\n<\/ul>\t\t\t<\/nav>\n\t\t\t\t\t\t<\/div>\n\t\t\t\t<\/div>\n\t\t\t\t<\/div>\n\t\t<div class=\"elementor-element elementor-element-7ada9c58 e-con-full main-dynamic-container e-flex e-con e-child\" data-id=\"7ada9c58\" data-element_type=\"container\" data-e-type=\"container\" id=\"main-dynamic-container\">\n\t\t<div class=\"elementor-element elementor-element-39943e84 e-con-full dynamic-content e-flex e-con e-child\" data-id=\"39943e84\" data-element_type=\"container\" data-e-type=\"container\" id=\"theory-content2\">\n\t\t<div class=\"elementor-element elementor-element-34572ea9 e-con-full e-flex e-con e-child\" data-id=\"34572ea9\" data-element_type=\"container\" data-e-type=\"container\" data-settings=\"{&quot;background_background&quot;:&quot;classic&quot;}\">\n\t\t<div class=\"elementor-element elementor-element-510296c3 e-con-full e-flex e-con e-child\" data-id=\"510296c3\" data-element_type=\"container\" data-e-type=\"container\">\n\t\t\t\t<div class=\"elementor-element elementor-element-678b5f08 elementor-widget elementor-widget-heading\" data-id=\"678b5f08\" data-element_type=\"widget\" data-e-type=\"widget\" data-widget_type=\"heading.default\">\n\t\t\t\t<div class=\"elementor-widget-container\">\n\t\t\t\t\t<h2 class=\"elementor-heading-title elementor-size-default\">Checklistor<\/h2>\t\t\t\t<\/div>\n\t\t\t\t<\/div>\n\t\t\t\t<div class=\"elementor-element elementor-element-64afdca7 elementor-widget__width-initial elementor-widget elementor-widget-text-editor\" data-id=\"64afdca7\" data-element_type=\"widget\" data-e-type=\"widget\" data-widget_type=\"text-editor.default\">\n\t\t\t\t<div class=\"elementor-widget-container\">\n\t\t\t\t\t\t\t\t\t<p><span style=\"font-weight: 400;\">Checklistor \u00e4r ett enkelt verktyg f\u00f6r att skapa struktur och fokus i skolarbetet. Genom att skriva ner vad som ska g\u00f6ras blir uppgifter mer hanterbara, och eleverna f\u00e5r en tydlig \u00f6verblick.<\/span><\/p><p><span style=\"font-weight: 400;\"><br \/><\/span><span style=\"font-weight: 400;\">Som l\u00e4rare kan du uppmuntra elever att g\u00f6ra checklistor inf\u00f6r st\u00f6rre arbeten, veckoplanering,\u00a0 l\u00e4xor eller prov. Det hj\u00e4lper dem att v\u00e4lja r\u00e4tt, komma ig\u00e5ng snabbare och minska risken att gl\u00f6mma n\u00e5got. Skapa g\u00e4rna gemensamma checklistor f\u00f6r att de ska l\u00e4ra sig hur det fungerar. <\/span><span style=\"font-weight: 400;\"><br \/><\/span><span style=\"font-weight: 400;\">Att bocka av saker ger dessutom en k\u00e4nsla av kontroll och n\u00f6jdhet \u00f6ver att ha blivit klar. <\/span><\/p>\t\t\t\t\t\t\t\t<\/div>\n\t\t\t\t<\/div>\n\t\t\t\t<\/div>\n\t\t\t\t<\/div>\n\t\t<div class=\"elementor-element elementor-element-2d1d56bd e-con-full e-flex e-con e-child\" data-id=\"2d1d56bd\" data-element_type=\"container\" data-e-type=\"container\">\n\t\t<div class=\"elementor-element elementor-element-313ae56 e-con-full e-flex e-con e-child\" data-id=\"313ae56\" data-element_type=\"container\" data-e-type=\"container\">\n\t\t<div class=\"elementor-element elementor-element-3b483aa6 e-con-full e-flex e-con e-child\" data-id=\"3b483aa6\" data-element_type=\"container\" data-e-type=\"container\" data-settings=\"{&quot;background_background&quot;:&quot;classic&quot;}\">\n\t\t<div class=\"elementor-element elementor-element-6d7a4e1 e-con-full e-flex e-con e-child\" data-id=\"6d7a4e1\" data-element_type=\"container\" data-e-type=\"container\">\n\t\t\t\t<div class=\"elementor-element elementor-element-69fb950 elementor-widget elementor-widget-heading\" data-id=\"69fb950\" data-element_type=\"widget\" data-e-type=\"widget\" data-widget_type=\"heading.default\">\n\t\t\t\t<div class=\"elementor-widget-container\">\n\t\t\t\t\t<h3 class=\"elementor-heading-title elementor-size-default\">Varf\u00f6r checklistor hj\u00e4lper:<\/h3>\t\t\t\t<\/div>\n\t\t\t\t<\/div>\n\t\t\t\t<div class=\"elementor-element elementor-element-a926499 elementor-widget elementor-widget-text-editor\" data-id=\"a926499\" data-element_type=\"widget\" data-e-type=\"widget\" data-widget_type=\"text-editor.default\">\n\t\t\t\t<div class=\"elementor-widget-container\">\n\t\t\t\t\t\t\t\t\t<ul><li style=\"font-weight: 400;\" aria-level=\"1\"><span style=\"font-weight: 400;\">Eleven f\u00e5r tydlig \u00f6verblick \u00f6ver vad som ska g\u00f6ras.<\/span><\/li><li style=\"font-weight: 400;\" aria-level=\"1\">Det blir l\u00e4ttare att planera tid och arbeta sj\u00e4lvst\u00e4ndigt.<\/li><li style=\"font-weight: 400;\" aria-level=\"1\">Stressen minskar, checklistan fungerar som ett externt minne.<\/li><li style=\"font-weight: 400;\" aria-level=\"1\">Att kryssa av uppgifter skapar motivation. Eleven\u00a0 ser att hen har klarat vissa uppgifter.<\/li><li style=\"font-weight: 400;\" aria-level=\"1\">Fokus f\u00f6rb\u00e4ttras n\u00e4r eleven ser vad som \u00e4r n\u00e4sta steg.Eleven slipper hoppa mellan olika uppgifter<\/li><\/ul>\t\t\t\t\t\t\t\t<\/div>\n\t\t\t\t<\/div>\n\t\t\t\t<\/div>\n\t\t<div class=\"elementor-element elementor-element-2bc71fac e-con-full e-flex e-con e-child\" data-id=\"2bc71fac\" data-element_type=\"container\" data-e-type=\"container\">\n\t\t\t\t<div class=\"elementor-element elementor-element-1f448637 elementor-widget elementor-widget-image\" data-id=\"1f448637\" data-element_type=\"widget\" data-e-type=\"widget\" data-widget_type=\"image.default\">\n\t\t\t\t<div class=\"elementor-widget-container\">\n\t\t\t\t\t\t\t\t\t\t\t\t\t\t\t<img fetchpriority=\"high\" decoding=\"async\" width=\"300\" height=\"300\" src=\"https:\/\/studieteknik.regionkronoberg.se\/wp-content\/uploads\/2024\/12\/checklistpaper-blue-300x300.png\" class=\"attachment-medium size-medium wp-image-1244\" alt=\"illustration av en bl\u00e5 checklista\" srcset=\"https:\/\/studieteknik.regionkronoberg.se\/wp-content\/uploads\/2024\/12\/checklistpaper-blue-300x300.png 300w, https:\/\/studieteknik.regionkronoberg.se\/wp-content\/uploads\/2024\/12\/checklistpaper-blue-150x150.png 150w, https:\/\/studieteknik.regionkronoberg.se\/wp-content\/uploads\/2024\/12\/checklistpaper-blue.png 625w\" sizes=\"(max-width: 300px) 100vw, 300px\" \/>\t\t\t\t\t\t\t\t\t\t\t\t\t\t\t<\/div>\n\t\t\t\t<\/div>\n\t\t\t\t<\/div>\n\t\t\t\t<\/div>\n\t\t<div class=\"elementor-element elementor-element-3c5b9a6 e-con-full e-flex e-con e-child\" data-id=\"3c5b9a6\" data-element_type=\"container\" data-e-type=\"container\" data-settings=\"{&quot;background_background&quot;:&quot;classic&quot;}\">\n\t\t<div class=\"elementor-element elementor-element-1a06e89 e-con-full e-flex e-con e-child\" data-id=\"1a06e89\" data-element_type=\"container\" data-e-type=\"container\">\n\t\t\t\t<div class=\"elementor-element elementor-element-efb18b9 elementor-widget elementor-widget-heading\" data-id=\"efb18b9\" data-element_type=\"widget\" data-e-type=\"widget\" data-widget_type=\"heading.default\">\n\t\t\t\t<div class=\"elementor-widget-container\">\n\t\t\t\t\t<h3 class=\"elementor-heading-title elementor-size-default\">Exempel p\u00e5 checklistor<\/h3>\t\t\t\t<\/div>\n\t\t\t\t<\/div>\n\t\t\t\t<div class=\"elementor-element elementor-element-328ab18 elementor-widget elementor-widget-text-editor\" data-id=\"328ab18\" data-element_type=\"widget\" data-e-type=\"widget\" data-widget_type=\"text-editor.default\">\n\t\t\t\t<div class=\"elementor-widget-container\">\n\t\t\t\t\t\t\t\t\t<p><strong>Inf\u00f6r ett arbetsomr\u00e5de:<br \/><span style=\"font-weight: 400;\">\u00d6versiktlig checklista med delmoment t ex en faktatext i SO<\/span><br \/><\/strong><\/p><ul style=\"list-style: none;\"><li><label><input type=\"checkbox\" \/> V\u00e4lj \u00e4mne<\/label><\/li><li><label><input type=\"checkbox\" \/> S\u00f6k information<\/label><\/li><li><label><input type=\"checkbox\" \/> Skriv st\u00f6dord<\/label><\/li><li><label><input type=\"checkbox\" \/> Skriv faktatext med underrubriker<\/label><\/li><li><label><input type=\"checkbox\" \/> Kolla stavning och l\u00e4s igenom texten<\/label><\/li><li><label><input type=\"checkbox\" \/> L\u00e4mna in<\/label><\/li><\/ul>\t\t\t\t\t\t\t\t<\/div>\n\t\t\t\t<\/div>\n\t\t\t\t<div class=\"elementor-element elementor-element-2a2d8e3 elementor-widget elementor-widget-text-editor\" data-id=\"2a2d8e3\" data-element_type=\"widget\" data-e-type=\"widget\" data-widget_type=\"text-editor.default\">\n\t\t\t\t<div class=\"elementor-widget-container\">\n\t\t\t\t\t\t\t\t\t<strong>Fakta om ett land:<\/strong>\n<ul style=\"list-style: none;\">\n  <li><label><input type=\"checkbox\" \/> Rubrik (Landets namn)<\/label><\/li>\n  <li><label><input type=\"checkbox\" \/> Befolkning (Hur m\u00e5nga m\u00e4nniskor bor i landet)<\/label><\/li>\n  <li><label><input type=\"checkbox\" \/> Huvudstad (Hur m\u00e5nga bor d\u00e4r, kort fakta om staden)<\/label><\/li>\n  <li><label><input type=\"checkbox\" \/> Sev\u00e4rdheter (K\u00e4nda och intressanta platser i landet)<\/label><\/li>\n  <li><label><input type=\"checkbox\" \/> Valuta (Hur mycket \u00e4r pengarna v\u00e4rda i j\u00e4mf\u00f6relse med SEK)<\/label><\/li>\n  <li><label><input type=\"checkbox\" \/> Kultur (Vad har de f\u00f6r seder och traditioner)<\/label><\/li>\n  <li><label><input type=\"checkbox\" \/> Religion (Vilken\/vilka religion\/religioner finns i landet)<\/label><\/li>\n  <li><label><input type=\"checkbox\" \/> Klimat (Vilken typ av klimat finns det, hur ser naturen ut)<\/label><\/li>\n  <li><label><input type=\"checkbox\" \/> \u00d6vrigt (K\u00e4ndisar fr\u00e5n landet och annat roligt och intressant)<\/label><\/li>\n  <li><label><input type=\"checkbox\" \/> K\u00e4llor<\/label><\/li>\n  <li><label><input type=\"checkbox\" \/> Bild (t.ex. flagga)<\/label><\/li>\n<\/ul>\n\t\t\t\t\t\t\t\t<\/div>\n\t\t\t\t<\/div>\n\t\t\t\t<div class=\"elementor-element elementor-element-102c4fe elementor-widget elementor-widget-text-editor\" data-id=\"102c4fe\" data-element_type=\"widget\" data-e-type=\"widget\" data-widget_type=\"text-editor.default\">\n\t\t\t\t<div class=\"elementor-widget-container\">\n\t\t\t\t\t\t\t\t\t<p><b>Veckoplanering<\/b><\/p><p><span style=\"font-weight: 400;\">En veckolista hj\u00e4lper eleven att f\u00e5 \u00f6verblick. Eleven vet vad som ska g\u00f6ras \u2013 och kan planera n\u00e4r hen vill g\u00f6ra det. Genom att sprida ut uppgifterna under veckan minskas risken att sitta med allt p\u00e5 en g\u00e5ng dagen innan n\u00e5got ska vara klart.<\/span><\/p><p>\u00a0<\/p><p><strong>S\u00e5h\u00e4r kan en veckoplanering se ut:<\/strong><\/p><ul style=\"list-style: none;\"><li><label><input type=\"checkbox\" \/> Skriva klart min faktatext i SO<\/label><\/li><li><label><input type=\"checkbox\" \/> \u00d6va 20 engelska glosor inf\u00f6r torsdag<\/label><\/li><li><label><input type=\"checkbox\" \/> G\u00f6ra klart matteuppgift 6A och 6B<\/label><\/li><li><label><input type=\"checkbox\" \/> L\u00e4sa minst 30 minuter (svenska)<\/label><\/li><li><label><input type=\"checkbox\" \/> Kolla med l\u00e4raren om NO-labben, vilka delar som ska vara med<\/label><\/li><\/ul>\t\t\t\t\t\t\t\t<\/div>\n\t\t\t\t<\/div>\n\t\t\t\t<div class=\"elementor-element elementor-element-5a7046a elementor-widget elementor-widget-text-editor\" data-id=\"5a7046a\" data-element_type=\"widget\" data-e-type=\"widget\" data-widget_type=\"text-editor.default\">\n\t\t\t\t<div class=\"elementor-widget-container\">\n\t\t\t\t\t\t\t\t\t<p><strong>Daglig checklista:<br \/><\/strong><\/p><ul><li style=\"font-weight: 400;\" aria-level=\"1\"><span style=\"font-weight: 400;\">Eleven kan skriva upp 3\u20135 saker att g\u00f6ra idag.<\/span><span style=\"font-weight: 400;\"><br \/><\/span><\/li><li style=\"font-weight: 400;\" aria-level=\"1\"><span style=\"font-weight: 400;\">Det underl\u00e4ttar att best\u00e4mma i vilken ordning uppgifterna ska g\u00f6ras.<\/span><span style=\"font-weight: 400;\"><br \/><\/span><\/li><li style=\"font-weight: 400;\" aria-level=\"1\"><span style=\"font-weight: 400;\">N\u00e4r eleven kryssar av \u2013 ta tillf\u00e4llet att reflektera: Hur gick det?<\/span><\/li><\/ul><p><strong>\u00a0<\/strong><\/p>\t\t\t\t\t\t\t\t<\/div>\n\t\t\t\t<\/div>\n\t\t\t\t<\/div>\n\t\t<div class=\"elementor-element elementor-element-c341a74 e-con-full e-flex e-con e-child\" data-id=\"c341a74\" data-element_type=\"container\" data-e-type=\"container\">\n\t\t\t\t<div class=\"elementor-element elementor-element-0e6037e elementor-widget elementor-widget-image\" data-id=\"0e6037e\" data-element_type=\"widget\" data-e-type=\"widget\" data-widget_type=\"image.default\">\n\t\t\t\t<div class=\"elementor-widget-container\">\n\t\t\t\t\t\t\t\t\t\t\t\t\t\t\t<img decoding=\"async\" width=\"300\" height=\"300\" src=\"https:\/\/studieteknik.regionkronoberg.se\/wp-content\/uploads\/2024\/12\/toggle-pink-300x300.png\" class=\"attachment-medium size-medium wp-image-1618\" alt=\"Illustration av en toggle switch\" srcset=\"https:\/\/studieteknik.regionkronoberg.se\/wp-content\/uploads\/2024\/12\/toggle-pink-300x300.png 300w, https:\/\/studieteknik.regionkronoberg.se\/wp-content\/uploads\/2024\/12\/toggle-pink-150x150.png 150w, https:\/\/studieteknik.regionkronoberg.se\/wp-content\/uploads\/2024\/12\/toggle-pink.png 625w\" sizes=\"(max-width: 300px) 100vw, 300px\" \/>\t\t\t\t\t\t\t\t\t\t\t\t\t\t\t<\/div>\n\t\t\t\t<\/div>\n\t\t\t\t<\/div>\n\t\t\t\t<\/div>\n\t\t\t\t<\/div>\n\t\t\t\t<\/div>\n\t\t\t\t<\/div>\n\t\t\t\t<\/div>\n\t\t\t\t\t<\/div>\n\t\t\t\t<\/div>\n\t\t<div class=\"elementor-element elementor-element-583e8c06 e-grid e-con-boxed e-con e-parent\" data-id=\"583e8c06\" data-element_type=\"container\" data-e-type=\"container\">\n\t\t\t\t\t<div class=\"e-con-inner\">\n\t\t\t\t<div class=\"elementor-element elementor-element-20d778bf elementor-widget elementor-widget-button\" data-id=\"20d778bf\" data-element_type=\"widget\" data-e-type=\"widget\" data-widget_type=\"button.default\">\n\t\t\t\t<div class=\"elementor-widget-container\">\n\t\t\t\t\t\t\t\t\t<div class=\"elementor-button-wrapper\">\n\t\t\t\t\t<a class=\"elementor-button elementor-button-link elementor-size-sm\" href=\"https:\/\/studieteknik.regionkronoberg.se\/?page_id=3001\">\n\t\t\t\t\t\t<span class=\"elementor-button-content-wrapper\">\n\t\t\t\t\t\t<span class=\"elementor-button-icon\">\n\t\t\t\t<svg aria-hidden=\"true\" class=\"e-font-icon-svg e-fas-chevron-left\" viewBox=\"0 0 320 512\" xmlns=\"http:\/\/www.w3.org\/2000\/svg\"><path d=\"M34.52 239.03L228.87 44.69c9.37-9.37 24.57-9.37 33.94 0l22.67 22.67c9.36 9.36 9.37 24.52.04 33.9L131.49 256l154.02 154.75c9.34 9.38 9.32 24.54-.04 33.9l-22.67 22.67c-9.37 9.37-24.57 9.37-33.94 0L34.52 272.97c-9.37-9.37-9.37-24.57 0-33.94z\"><\/path><\/svg>\t\t\t<\/span>\n\t\t\t\t\t\t\t\t\t<span class=\"elementor-button-text\">Planera tid<\/span>\n\t\t\t\t\t<\/span>\n\t\t\t\t\t<\/a>\n\t\t\t\t<\/div>\n\t\t\t\t\t\t\t\t<\/div>\n\t\t\t\t<\/div>\n\t\t\t\t<div class=\"elementor-element elementor-element-5862723c elementor-widget elementor-widget-button\" data-id=\"5862723c\" data-element_type=\"widget\" data-e-type=\"widget\" data-widget_type=\"button.default\">\n\t\t\t\t<div class=\"elementor-widget-container\">\n\t\t\t\t\t\t\t\t\t<div class=\"elementor-button-wrapper\">\n\t\t\t\t\t<a class=\"elementor-button elementor-button-link elementor-size-sm\" href=\"https:\/\/studieteknik.regionkronoberg.se\/?page_id=3015\">\n\t\t\t\t\t\t<span class=\"elementor-button-content-wrapper\">\n\t\t\t\t\t\t<span class=\"elementor-button-icon\">\n\t\t\t\t<svg aria-hidden=\"true\" class=\"e-font-icon-svg e-fas-chevron-right\" viewBox=\"0 0 320 512\" xmlns=\"http:\/\/www.w3.org\/2000\/svg\"><path d=\"M285.476 272.971L91.132 467.314c-9.373 9.373-24.569 9.373-33.941 0l-22.667-22.667c-9.357-9.357-9.375-24.522-.04-33.901L188.505 256 34.484 101.255c-9.335-9.379-9.317-24.544.04-33.901l22.667-22.667c9.373-9.373 24.569-9.373 33.941 0L285.475 239.03c9.373 9.372 9.373 24.568.001 33.941z\"><\/path><\/svg>\t\t\t<\/span>\n\t\t\t\t\t\t\t\t\t<span class=\"elementor-button-text\">Kalender<\/span>\n\t\t\t\t\t<\/span>\n\t\t\t\t\t<\/a>\n\t\t\t\t<\/div>\n\t\t\t\t\t\t\t\t<\/div>\n\t\t\t\t<\/div>\n\t\t\t\t\t<\/div>\n\t\t\t\t<\/div>\n\t\t\t\t<\/div>\n\t\t","protected":false},"excerpt":{"rendered":"<p>Planering Checklistor Checklistor \u00e4r ett enkelt verktyg f\u00f6r att skapa struktur och fokus i skolarbetet. Genom att skriva ner vad som ska g\u00f6ras blir uppgifter mer hanterbara, och eleverna f\u00e5r en tydlig \u00f6verblick. Som l\u00e4rare kan du uppmuntra elever att g\u00f6ra checklistor inf\u00f6r st\u00f6rre arbeten, veckoplanering,\u00a0 l\u00e4xor eller prov. Det hj\u00e4lper dem att v\u00e4lja r\u00e4tt, [&hellip;]<\/p>\n","protected":false},"author":2,"featured_media":0,"parent":0,"menu_order":0,"comment_status":"closed","ping_status":"closed","template":"","meta":{"footnotes":""},"folder":[45],"class_list":["post-3008","page","type-page","status-publish","hentry"],"_links":{"self":[{"href":"https:\/\/studieteknik.regionkronoberg.se\/index.php?rest_route=\/wp\/v2\/pages\/3008","targetHints":{"allow":["GET"]}}],"collection":[{"href":"https:\/\/studieteknik.regionkronoberg.se\/index.php?rest_route=\/wp\/v2\/pages"}],"about":[{"href":"https:\/\/studieteknik.regionkronoberg.se\/index.php?rest_route=\/wp\/v2\/types\/page"}],"author":[{"embeddable":true,"href":"https:\/\/studieteknik.regionkronoberg.se\/index.php?rest_route=\/wp\/v2\/users\/2"}],"replies":[{"embeddable":true,"href":"https:\/\/studieteknik.regionkronoberg.se\/index.php?rest_route=%2Fwp%2Fv2%2Fcomments&post=3008"}],"version-history":[{"count":34,"href":"https:\/\/studieteknik.regionkronoberg.se\/index.php?rest_route=\/wp\/v2\/pages\/3008\/revisions"}],"predecessor-version":[{"id":4470,"href":"https:\/\/studieteknik.regionkronoberg.se\/index.php?rest_route=\/wp\/v2\/pages\/3008\/revisions\/4470"}],"wp:attachment":[{"href":"https:\/\/studieteknik.regionkronoberg.se\/index.php?rest_route=%2Fwp%2Fv2%2Fmedia&parent=3008"}],"wp:term":[{"taxonomy":"folder","embeddable":true,"href":"https:\/\/studieteknik.regionkronoberg.se\/index.php?rest_route=%2Fwp%2Fv2%2Ffolder&post=3008"}],"curies":[{"name":"wp","href":"https:\/\/api.w.org\/{rel}","templated":true}]}}