{"id":3123,"date":"2025-06-04T14:57:15","date_gmt":"2025-06-04T14:57:15","guid":{"rendered":"https:\/\/smart-forest-5135.standoutwp.com\/?page_id=3123"},"modified":"2026-01-07T11:02:31","modified_gmt":"2026-01-07T11:02:31","slug":"ai-teori-5","status":"publish","type":"page","link":"https:\/\/studieteknik.regionkronoberg.se\/?page_id=3123","title":{"rendered":"Viktigt att veta om AI chattbotar"},"content":{"rendered":"\t\t<div data-elementor-type=\"wp-page\" data-elementor-id=\"3123\" class=\"elementor elementor-3123\" data-elementor-post-type=\"page\">\n\t\t\t\t<div class=\"elementor-element elementor-element-42d9b1b1 e-flex e-con-boxed e-con e-parent\" data-id=\"42d9b1b1\" data-element_type=\"container\" data-e-type=\"container\" data-settings=\"{&quot;background_background&quot;:&quot;classic&quot;}\">\n\t\t\t\t\t<div class=\"e-con-inner\">\n\t\t<div class=\"elementor-element elementor-element-17e8a1f4 e-con-full e-flex e-con e-child\" data-id=\"17e8a1f4\" data-element_type=\"container\" data-e-type=\"container\">\n\t\t\t\t<div class=\"elementor-element elementor-element-4db45b80 elementor-view-default elementor-widget elementor-widget-icon\" data-id=\"4db45b80\" data-element_type=\"widget\" data-e-type=\"widget\" data-widget_type=\"icon.default\">\n\t\t\t\t<div class=\"elementor-widget-container\">\n\t\t\t\t\t\t\t<div class=\"elementor-icon-wrapper\">\n\t\t\t<div class=\"elementor-icon\">\n\t\t\t<svg aria-hidden=\"true\" class=\"e-font-icon-svg e-fas-robot\" viewBox=\"0 0 640 512\" xmlns=\"http:\/\/www.w3.org\/2000\/svg\"><path d=\"M32,224H64V416H32A31.96166,31.96166,0,0,1,0,384V256A31.96166,31.96166,0,0,1,32,224Zm512-48V448a64.06328,64.06328,0,0,1-64,64H160a64.06328,64.06328,0,0,1-64-64V176a79.974,79.974,0,0,1,80-80H288V32a32,32,0,0,1,64,0V96H464A79.974,79.974,0,0,1,544,176ZM264,256a40,40,0,1,0-40,40A39.997,39.997,0,0,0,264,256Zm-8,128H192v32h64Zm96,0H288v32h64ZM456,256a40,40,0,1,0-40,40A39.997,39.997,0,0,0,456,256Zm-8,128H384v32h64ZM640,256V384a31.96166,31.96166,0,0,1-32,32H576V224h32A31.96166,31.96166,0,0,1,640,256Z\"><\/path><\/svg>\t\t\t<\/div>\n\t\t<\/div>\n\t\t\t\t\t\t<\/div>\n\t\t\t\t<\/div>\n\t\t\t\t<div class=\"elementor-element elementor-element-580dc5b0 elementor-widget elementor-widget-heading\" data-id=\"580dc5b0\" data-element_type=\"widget\" data-e-type=\"widget\" data-widget_type=\"heading.default\">\n\t\t\t\t<div class=\"elementor-widget-container\">\n\t\t\t\t\t<h1 class=\"elementor-heading-title elementor-size-default\">AI i undervisningen<\/h1>\t\t\t\t<\/div>\n\t\t\t\t<\/div>\n\t\t\t\t<\/div>\n\t\t\t\t\t<\/div>\n\t\t\t\t<\/div>\n\t\t<div class=\"elementor-element elementor-element-2135e7a7 e-flex e-con-boxed e-con e-parent\" data-id=\"2135e7a7\" data-element_type=\"container\" data-e-type=\"container\" id=\"main-dynamic-container\">\n\t\t\t\t\t<div class=\"e-con-inner\">\n\t\t<div class=\"elementor-element elementor-element-72aba781 e-con-full e-flex e-con e-child\" data-id=\"72aba781\" data-element_type=\"container\" data-e-type=\"container\" data-settings=\"{&quot;background_background&quot;:&quot;classic&quot;}\">\n\t\t\t\t<div class=\"elementor-element elementor-element-3d944224 elementor-nav-menu__text-align-aside elementor-widget elementor-widget-nav-menu\" data-id=\"3d944224\" data-element_type=\"widget\" data-e-type=\"widget\" data-settings=\"{&quot;layout&quot;:&quot;dropdown&quot;,&quot;submenu_icon&quot;:{&quot;value&quot;:&quot;&lt;svg aria-hidden=\\&quot;true\\&quot; class=\\&quot;e-font-icon-svg e-fas-caret-down\\&quot; viewBox=\\&quot;0 0 320 512\\&quot; xmlns=\\&quot;http:\\\/\\\/www.w3.org\\\/2000\\\/svg\\&quot;&gt;&lt;path d=\\&quot;M31.3 192h257.3c17.8 0 26.7 21.5 14.1 34.1L174.1 354.8c-7.8 7.8-20.5 7.8-28.3 0L17.2 226.1C4.6 213.5 13.5 192 31.3 192z\\&quot;&gt;&lt;\\\/path&gt;&lt;\\\/svg&gt;&quot;,&quot;library&quot;:&quot;fa-solid&quot;}}\" data-widget_type=\"nav-menu.default\">\n\t\t\t\t<div class=\"elementor-widget-container\">\n\t\t\t\t\t\t\t\t<nav class=\"elementor-nav-menu--dropdown elementor-nav-menu__container\" aria-hidden=\"true\">\n\t\t\t\t<ul id=\"menu-2-3d944224\" class=\"elementor-nav-menu\"><li class=\"menu-item menu-item-type-post_type menu-item-object-page menu-item-3094\"><a href=\"https:\/\/studieteknik.regionkronoberg.se\/?page_id=3088\" class=\"elementor-item\" tabindex=\"-1\">Om Ai i undervisningen<\/a><\/li>\n<li class=\"menu-item menu-item-type-post_type menu-item-object-page menu-item-3115\"><a href=\"https:\/\/studieteknik.regionkronoberg.se\/?page_id=3109\" class=\"elementor-item\" tabindex=\"-1\">AI chattbottar<\/a><\/li>\n<li class=\"menu-item menu-item-type-post_type menu-item-object-page menu-item-3101\"><a href=\"https:\/\/studieteknik.regionkronoberg.se\/?page_id=3095\" class=\"elementor-item\" tabindex=\"-1\">AI som st\u00f6d i undervisningen<\/a><\/li>\n<li class=\"menu-item menu-item-type-post_type menu-item-object-page menu-item-3108\"><a href=\"https:\/\/studieteknik.regionkronoberg.se\/?page_id=3102\" class=\"elementor-item\" tabindex=\"-1\">Vad \u00e4r en bra prompt<\/a><\/li>\n<li class=\"menu-item menu-item-type-post_type menu-item-object-page menu-item-3129\"><a href=\"https:\/\/studieteknik.regionkronoberg.se\/?page_id=3123\" class=\"elementor-item\" tabindex=\"-1\">Viktigt att veta om AI och chattbottar<\/a><\/li>\n<li class=\"menu-item menu-item-type-post_type menu-item-object-page menu-item-3136\"><a href=\"https:\/\/studieteknik.regionkronoberg.se\/?page_id=3130\" class=\"elementor-item\" tabindex=\"-1\">Promptbibliotek<\/a><\/li>\n<li class=\"menu-item menu-item-type-post_type menu-item-object-page menu-item-3143\"><a href=\"https:\/\/studieteknik.regionkronoberg.se\/?page_id=3137\" class=\"elementor-item\" tabindex=\"-1\">Film &#8211; och l\u00e4nktips om AI<\/a><\/li>\n<li class=\"menu-item menu-item-type-post_type menu-item-object-page menu-item-3153\"><a href=\"https:\/\/studieteknik.regionkronoberg.se\/?page_id=3144\" class=\"elementor-item\" tabindex=\"-1\">Uppgifter<\/a><\/li>\n<\/ul>\t\t\t<\/nav>\n\t\t\t\t\t\t<\/div>\n\t\t\t\t<\/div>\n\t\t\t\t<\/div>\n\t\t<div class=\"elementor-element elementor-element-5810690b e-con-full main-dynamic-container e-flex e-con e-child\" data-id=\"5810690b\" data-element_type=\"container\" data-e-type=\"container\" id=\"main-dynamic-container\">\n\t\t<div class=\"elementor-element elementor-element-3e1350ee e-con-full dynamic-content e-flex e-con e-child\" data-id=\"3e1350ee\" data-element_type=\"container\" data-e-type=\"container\" id=\"theory-content5\">\n\t\t<div class=\"elementor-element elementor-element-73a7c0d7 e-con-full e-flex e-con e-child\" data-id=\"73a7c0d7\" data-element_type=\"container\" data-e-type=\"container\" data-settings=\"{&quot;background_background&quot;:&quot;classic&quot;}\">\n\t\t\t\t<div class=\"elementor-element elementor-element-754a7438 elementor-widget elementor-widget-heading\" data-id=\"754a7438\" data-element_type=\"widget\" data-e-type=\"widget\" data-widget_type=\"heading.default\">\n\t\t\t\t<div class=\"elementor-widget-container\">\n\t\t\t\t\t<h2 class=\"elementor-heading-title elementor-size-default\">Viktigt att veta om AI chattbottar<\/h2>\t\t\t\t<\/div>\n\t\t\t\t<\/div>\n\t\t<div class=\"elementor-element elementor-element-24e62d40 e-con-full e-flex e-con e-child\" data-id=\"24e62d40\" data-element_type=\"container\" data-e-type=\"container\">\n\t\t\t\t<div class=\"elementor-element elementor-element-4ea8f55d elementor-widget__width-initial elementor-widget elementor-widget-text-editor\" data-id=\"4ea8f55d\" data-element_type=\"widget\" data-e-type=\"widget\" data-widget_type=\"text-editor.default\">\n\t\t\t\t<div class=\"elementor-widget-container\">\n\t\t\t\t\t\t\t\t\t<p><span style=\"font-weight: 400;\">Det blir sv\u00e5rare att bed\u00f6ma elevers eget arbete n\u00e4r de har tillg\u00e5ng till AI-verktyg som ChatGPT, Gemini eller My AI. D\u00e4rf\u00f6r rekommenderar Skolverket f\u00f6rsiktighet med att anv\u00e4nda l\u00e4ngre inl\u00e4mningsuppgifter som betygsunderlag, om det inte g\u00e5r att s\u00e4kerst\u00e4lla att eleven sj\u00e4lv har f\u00f6rfattat texten.<\/span><\/p><p><span style=\"font-weight: 400;\">P\u00e5 Skolverket hemsida: <a href=\"https:\/\/www.skolverket.se\/kompetensutveckling\/stod-i-arbetet\/rad-om-ai-chattbottar-och-liknande-verktyg\">https:\/\/www.skolverket.se\/kompetensutveckling\/stod-i-arbetet\/rad-om-ai-chattbottar-och-liknande-verktyg\u00a0<\/a>k<\/span>an du f\u00e5 r\u00e5d om AI, chattbottar och liknande verktyg<\/p>\t\t\t\t\t\t\t\t<\/div>\n\t\t\t\t<\/div>\n\t\t\t\t<\/div>\n\t\t\t\t<\/div>\n\t\t<div class=\"elementor-element elementor-element-c9de924 e-con-full e-flex e-con e-child\" data-id=\"c9de924\" data-element_type=\"container\" data-e-type=\"container\" data-settings=\"{&quot;background_background&quot;:&quot;classic&quot;}\">\n\t\t<div class=\"elementor-element elementor-element-6f08b182 e-con-full e-flex e-con e-child\" data-id=\"6f08b182\" data-element_type=\"container\" data-e-type=\"container\" data-settings=\"{&quot;background_background&quot;:&quot;classic&quot;}\">\n\t\t<div class=\"elementor-element elementor-element-12d317f e-con-full e-flex e-con e-child\" data-id=\"12d317f\" data-element_type=\"container\" data-e-type=\"container\" data-settings=\"{&quot;background_background&quot;:&quot;classic&quot;}\">\n\t\t\t\t<div class=\"elementor-element elementor-element-1ed87343 elementor-widget elementor-widget-heading\" data-id=\"1ed87343\" data-element_type=\"widget\" data-e-type=\"widget\" data-widget_type=\"heading.default\">\n\t\t\t\t<div class=\"elementor-widget-container\">\n\t\t\t\t\t<h3 class=\"elementor-heading-title elementor-size-default\">Viktigt att veta om AI och chattbottar (fr\u00e5n Skolverket)<\/h3>\t\t\t\t<\/div>\n\t\t\t\t<\/div>\n\t\t\t\t<div class=\"elementor-element elementor-element-3ac2416e elementor-widget elementor-widget-text-editor\" data-id=\"3ac2416e\" data-element_type=\"widget\" data-e-type=\"widget\" data-widget_type=\"text-editor.default\">\n\t\t\t\t<div class=\"elementor-widget-container\">\n\t\t\t\t\t\t\t\t\t<ul class=\" normal\"><li><strong>\u00c5ldersgr\u00e4nser och s\u00e4kerhet.<\/strong> M\u00e5nga unga m\u00f6ter chattbottar i sociala medier utan att veta det. \u00c4ven \u00f6ppna AI-tj\u00e4nster har \u00e5ldersgr\u00e4nser.<br \/><br \/><\/li><li><strong>Var f\u00f6rsiktig med k\u00e4nslig information.<\/strong> AI-tj\u00e4nster skickar ofta data till andra l\u00e4nder. L\u00e4mna d\u00e4rf\u00f6r inte ut personuppgifter eller elevtexter utan till\u00e5telse. Det g\u00e5r inte att radera information som en AI har f\u00e5tt tillg\u00e5ng till.<br \/><br \/><\/li><li><strong>Faktafel och k\u00e4llkritik.<\/strong> AI-genererade texter kan vara \u00f6vertygande men \u00e4nd\u00e5 inneh\u00e5lla fel. Anv\u00e4nd alltid ett kritiskt f\u00f6rh\u00e5llningss\u00e4tt.<br \/><br \/><\/li><li><strong>AI och skolans styrdokument.<\/strong> Chattbottar f\u00f6ljer inte svenska kursplaner. Granska alltid material som AI skapar och bed\u00f6m det utifr\u00e5n ditt pedagogiska uppdrag.<br \/><br \/><\/li><li><strong>F\u00f6rdomar och ol\u00e4mpliga budskap.<\/strong> AI kan reproducera f\u00f6rdomar och sprida opassande inneh\u00e5ll. Var uppm\u00e4rksam p\u00e5 om budskap bryter mot skolans v\u00e4rdegrund.<br \/><br \/><\/li><li><strong>L\u00e4rande och AI.<\/strong> Elever l\u00e4r sig genom att t\u00e4nka, skriva och analysera sj\u00e4lva. \u00d6verdriven anv\u00e4ndning av AI kan h\u00e4mma utvecklingen av viktiga f\u00e4rdigheter.<br \/><br \/><\/li><li><strong>Fusk och AI. <\/strong>Chattbottar kan skriva uppsatser av h\u00f6g kvalitet, och det finns inget s\u00e4kert s\u00e4tt att avg\u00f6ra om en text \u00e4r AI-genererad. Skolverket avr\u00e5der fr\u00e5n att anv\u00e4nda inl\u00e4mningsuppgifter som betygsunderlag utan kontroll.<\/li><\/ul>\t\t\t\t\t\t\t\t<\/div>\n\t\t\t\t<\/div>\n\t\t\t\t<\/div>\n\t\t<div class=\"elementor-element elementor-element-51aada0a e-con-full e-flex e-con e-child\" data-id=\"51aada0a\" data-element_type=\"container\" data-e-type=\"container\">\n\t\t\t\t<div class=\"elementor-element elementor-element-5a11847c elementor-widget elementor-widget-image\" data-id=\"5a11847c\" data-element_type=\"widget\" data-e-type=\"widget\" data-widget_type=\"image.default\">\n\t\t\t\t<div class=\"elementor-widget-container\">\n\t\t\t\t\t\t\t\t\t\t\t\t\t\t\t<img fetchpriority=\"high\" decoding=\"async\" width=\"300\" height=\"300\" src=\"https:\/\/studieteknik.regionkronoberg.se\/wp-content\/uploads\/2024\/12\/megaphone-red-300x300.png\" class=\"attachment-medium size-medium wp-image-1493\" alt=\"Illustration av en r\u00f6d megafon\" srcset=\"https:\/\/studieteknik.regionkronoberg.se\/wp-content\/uploads\/2024\/12\/megaphone-red-300x300.png 300w, https:\/\/studieteknik.regionkronoberg.se\/wp-content\/uploads\/2024\/12\/megaphone-red-150x150.png 150w, https:\/\/studieteknik.regionkronoberg.se\/wp-content\/uploads\/2024\/12\/megaphone-red.png 625w\" sizes=\"(max-width: 300px) 100vw, 300px\" \/>\t\t\t\t\t\t\t\t\t\t\t\t\t\t\t<\/div>\n\t\t\t\t<\/div>\n\t\t\t\t<\/div>\n\t\t\t\t<\/div>\n\t\t\t\t<\/div>\n\t\t\t\t<\/div>\n\t\t\t\t<\/div>\n\t\t\t\t\t<\/div>\n\t\t\t\t<\/div>\n\t\t<div class=\"elementor-element elementor-element-4f766efc e-grid e-con-boxed e-con e-parent\" data-id=\"4f766efc\" data-element_type=\"container\" data-e-type=\"container\">\n\t\t\t\t\t<div class=\"e-con-inner\">\n\t\t\t\t<div class=\"elementor-element elementor-element-ffec3f4 elementor-widget elementor-widget-button\" data-id=\"ffec3f4\" data-element_type=\"widget\" data-e-type=\"widget\" data-widget_type=\"button.default\">\n\t\t\t\t<div class=\"elementor-widget-container\">\n\t\t\t\t\t\t\t\t\t<div class=\"elementor-button-wrapper\">\n\t\t\t\t\t<a class=\"elementor-button elementor-button-link elementor-size-sm\" href=\"https:\/\/studieteknik.regionkronoberg.se\/\/?page_id=3102\">\n\t\t\t\t\t\t<span class=\"elementor-button-content-wrapper\">\n\t\t\t\t\t\t<span class=\"elementor-button-icon\">\n\t\t\t\t<svg aria-hidden=\"true\" class=\"e-font-icon-svg e-fas-chevron-left\" viewBox=\"0 0 320 512\" xmlns=\"http:\/\/www.w3.org\/2000\/svg\"><path d=\"M34.52 239.03L228.87 44.69c9.37-9.37 24.57-9.37 33.94 0l22.67 22.67c9.36 9.36 9.37 24.52.04 33.9L131.49 256l154.02 154.75c9.34 9.38 9.32 24.54-.04 33.9l-22.67 22.67c-9.37 9.37-24.57 9.37-33.94 0L34.52 272.97c-9.37-9.37-9.37-24.57 0-33.94z\"><\/path><\/svg>\t\t\t<\/span>\n\t\t\t\t\t\t\t\t\t<span class=\"elementor-button-text\">Vad \u00e4r en bra prompt<\/span>\n\t\t\t\t\t<\/span>\n\t\t\t\t\t<\/a>\n\t\t\t\t<\/div>\n\t\t\t\t\t\t\t\t<\/div>\n\t\t\t\t<\/div>\n\t\t\t\t<div class=\"elementor-element elementor-element-7398587a elementor-widget elementor-widget-button\" data-id=\"7398587a\" data-element_type=\"widget\" data-e-type=\"widget\" data-widget_type=\"button.default\">\n\t\t\t\t<div class=\"elementor-widget-container\">\n\t\t\t\t\t\t\t\t\t<div class=\"elementor-button-wrapper\">\n\t\t\t\t\t<a class=\"elementor-button elementor-button-link elementor-size-sm\" href=\"https:\/\/studieteknik.regionkronoberg.se\/\/?page_id=3130\">\n\t\t\t\t\t\t<span class=\"elementor-button-content-wrapper\">\n\t\t\t\t\t\t<span class=\"elementor-button-icon\">\n\t\t\t\t<svg aria-hidden=\"true\" class=\"e-font-icon-svg e-fas-chevron-right\" viewBox=\"0 0 320 512\" xmlns=\"http:\/\/www.w3.org\/2000\/svg\"><path d=\"M285.476 272.971L91.132 467.314c-9.373 9.373-24.569 9.373-33.941 0l-22.667-22.667c-9.357-9.357-9.375-24.522-.04-33.901L188.505 256 34.484 101.255c-9.335-9.379-9.317-24.544.04-33.901l22.667-22.667c9.373-9.373 24.569-9.373 33.941 0L285.475 239.03c9.373 9.372 9.373 24.568.001 33.941z\"><\/path><\/svg>\t\t\t<\/span>\n\t\t\t\t\t\t\t\t\t<span class=\"elementor-button-text\">Promptbibliotek<\/span>\n\t\t\t\t\t<\/span>\n\t\t\t\t\t<\/a>\n\t\t\t\t<\/div>\n\t\t\t\t\t\t\t\t<\/div>\n\t\t\t\t<\/div>\n\t\t\t\t\t<\/div>\n\t\t\t\t<\/div>\n\t\t\t\t<\/div>\n\t\t","protected":false},"excerpt":{"rendered":"<p>AI i undervisningen Viktigt att veta om AI chattbottar Det blir sv\u00e5rare att bed\u00f6ma elevers eget arbete n\u00e4r de har tillg\u00e5ng till AI-verktyg som ChatGPT, Gemini eller My AI. D\u00e4rf\u00f6r rekommenderar Skolverket f\u00f6rsiktighet med att anv\u00e4nda l\u00e4ngre inl\u00e4mningsuppgifter som betygsunderlag, om det inte g\u00e5r att s\u00e4kerst\u00e4lla att eleven sj\u00e4lv har f\u00f6rfattat texten. P\u00e5 Skolverket hemsida: [&hellip;]<\/p>\n","protected":false},"author":2,"featured_media":0,"parent":0,"menu_order":0,"comment_status":"closed","ping_status":"closed","template":"","meta":{"footnotes":""},"folder":[47],"class_list":["post-3123","page","type-page","status-publish","hentry"],"_links":{"self":[{"href":"https:\/\/studieteknik.regionkronoberg.se\/index.php?rest_route=\/wp\/v2\/pages\/3123","targetHints":{"allow":["GET"]}}],"collection":[{"href":"https:\/\/studieteknik.regionkronoberg.se\/index.php?rest_route=\/wp\/v2\/pages"}],"about":[{"href":"https:\/\/studieteknik.regionkronoberg.se\/index.php?rest_route=\/wp\/v2\/types\/page"}],"author":[{"embeddable":true,"href":"https:\/\/studieteknik.regionkronoberg.se\/index.php?rest_route=\/wp\/v2\/users\/2"}],"replies":[{"embeddable":true,"href":"https:\/\/studieteknik.regionkronoberg.se\/index.php?rest_route=%2Fwp%2Fv2%2Fcomments&post=3123"}],"version-history":[{"count":25,"href":"https:\/\/studieteknik.regionkronoberg.se\/index.php?rest_route=\/wp\/v2\/pages\/3123\/revisions"}],"predecessor-version":[{"id":4562,"href":"https:\/\/studieteknik.regionkronoberg.se\/index.php?rest_route=\/wp\/v2\/pages\/3123\/revisions\/4562"}],"wp:attachment":[{"href":"https:\/\/studieteknik.regionkronoberg.se\/index.php?rest_route=%2Fwp%2Fv2%2Fmedia&parent=3123"}],"wp:term":[{"taxonomy":"folder","embeddable":true,"href":"https:\/\/studieteknik.regionkronoberg.se\/index.php?rest_route=%2Fwp%2Fv2%2Ffolder&post=3123"}],"curies":[{"name":"wp","href":"https:\/\/api.w.org\/{rel}","templated":true}]}}